{"id":151,"date":"2024-03-07T18:00:19","date_gmt":"2024-03-07T17:00:19","guid":{"rendered":"https:\/\/blogs.groupevaleco.com\/site-modele\/?page_id=151"},"modified":"2025-09-30T11:02:02","modified_gmt":"2025-09-30T09:02:02","slug":"localisation-implantation","status":"publish","type":"page","link":"https:\/\/blogvaleco.com\/projetagrivoltaiqueherbrasol\/projet\/localisation-implantation\/","title":{"rendered":"Localisation &amp; implantation"},"content":{"rendered":"\n<figure class=\"wp-block-image size-large\"><img loading=\"lazy\" decoding=\"async\" width=\"1024\" height=\"724\" src=\"https:\/\/blogvaleco.com\/projetagrivoltaiqueherbrasol\/wp-content\/uploads\/sites\/27\/2025\/02\/20250220_1600-Projet-HERBRASOL-1024x724.png\" alt=\"\" class=\"wp-image-1083\" srcset=\"https:\/\/blogvaleco.com\/projetagrivoltaiqueherbrasol\/wp-content\/uploads\/sites\/27\/2025\/02\/20250220_1600-Projet-HERBRASOL-1024x724.png 1024w, https:\/\/blogvaleco.com\/projetagrivoltaiqueherbrasol\/wp-content\/uploads\/sites\/27\/2025\/02\/20250220_1600-Projet-HERBRASOL-300x212.png 300w, https:\/\/blogvaleco.com\/projetagrivoltaiqueherbrasol\/wp-content\/uploads\/sites\/27\/2025\/02\/20250220_1600-Projet-HERBRASOL-768x543.png 768w, https:\/\/blogvaleco.com\/projetagrivoltaiqueherbrasol\/wp-content\/uploads\/sites\/27\/2025\/02\/20250220_1600-Projet-HERBRASOL.png 1262w\" sizes=\"auto, (max-width: 1024px) 100vw, 1024px\" \/><\/figure>\n\n\n\n<figure class=\"wp-block-image size-large\"><img loading=\"lazy\" decoding=\"async\" width=\"1024\" height=\"724\" src=\"https:\/\/blogvaleco.com\/projetagrivoltaiqueherbrasol\/wp-content\/uploads\/sites\/27\/2025\/02\/20250220_1601-Projet-HERBRASOL-1024x724.png\" alt=\"\" class=\"wp-image-1084\" srcset=\"https:\/\/blogvaleco.com\/projetagrivoltaiqueherbrasol\/wp-content\/uploads\/sites\/27\/2025\/02\/20250220_1601-Projet-HERBRASOL-1024x724.png 1024w, https:\/\/blogvaleco.com\/projetagrivoltaiqueherbrasol\/wp-content\/uploads\/sites\/27\/2025\/02\/20250220_1601-Projet-HERBRASOL-300x212.png 300w, https:\/\/blogvaleco.com\/projetagrivoltaiqueherbrasol\/wp-content\/uploads\/sites\/27\/2025\/02\/20250220_1601-Projet-HERBRASOL-768x543.png 768w, https:\/\/blogvaleco.com\/projetagrivoltaiqueherbrasol\/wp-content\/uploads\/sites\/27\/2025\/02\/20250220_1601-Projet-HERBRASOL.png 1262w\" sizes=\"auto, (max-width: 1024px) 100vw, 1024px\" \/><\/figure>\n\n\n\n<figure class=\"wp-block-image size-large\"><img loading=\"lazy\" decoding=\"async\" width=\"1024\" height=\"724\" src=\"https:\/\/blogvaleco.com\/projetagrivoltaiqueherbrasol\/wp-content\/uploads\/sites\/27\/2025\/02\/20250220_1608-Projet-HERBRASOL-1024x724.png\" alt=\"\" class=\"wp-image-1086\" srcset=\"https:\/\/blogvaleco.com\/projetagrivoltaiqueherbrasol\/wp-content\/uploads\/sites\/27\/2025\/02\/20250220_1608-Projet-HERBRASOL-1024x724.png 1024w, https:\/\/blogvaleco.com\/projetagrivoltaiqueherbrasol\/wp-content\/uploads\/sites\/27\/2025\/02\/20250220_1608-Projet-HERBRASOL-300x212.png 300w, https:\/\/blogvaleco.com\/projetagrivoltaiqueherbrasol\/wp-content\/uploads\/sites\/27\/2025\/02\/20250220_1608-Projet-HERBRASOL-768x543.png 768w, https:\/\/blogvaleco.com\/projetagrivoltaiqueherbrasol\/wp-content\/uploads\/sites\/27\/2025\/02\/20250220_1608-Projet-HERBRASOL.png 1262w\" sizes=\"auto, (max-width: 1024px) 100vw, 1024px\" \/><\/figure>\n\n\n\n<figure class=\"wp-block-image size-large\"><img loading=\"lazy\" decoding=\"async\" width=\"1024\" height=\"724\" src=\"https:\/\/blogvaleco.com\/projetagrivoltaiqueherbrasol\/wp-content\/uploads\/sites\/27\/2025\/02\/20250220_1608-Projet-HERBRASOL-2-1024x724.png\" alt=\"\" class=\"wp-image-1087\" srcset=\"https:\/\/blogvaleco.com\/projetagrivoltaiqueherbrasol\/wp-content\/uploads\/sites\/27\/2025\/02\/20250220_1608-Projet-HERBRASOL-2-1024x724.png 1024w, https:\/\/blogvaleco.com\/projetagrivoltaiqueherbrasol\/wp-content\/uploads\/sites\/27\/2025\/02\/20250220_1608-Projet-HERBRASOL-2-300x212.png 300w, https:\/\/blogvaleco.com\/projetagrivoltaiqueherbrasol\/wp-content\/uploads\/sites\/27\/2025\/02\/20250220_1608-Projet-HERBRASOL-2-768x543.png 768w, https:\/\/blogvaleco.com\/projetagrivoltaiqueherbrasol\/wp-content\/uploads\/sites\/27\/2025\/02\/20250220_1608-Projet-HERBRASOL-2.png 1262w\" sizes=\"auto, (max-width: 1024px) 100vw, 1024px\" \/><\/figure>\n\n\n\n<p><strong><mark style=\"background-color:#EFEFEF\" class=\"has-inline-color has-primary-color\">DESCRIPTIF DE LA CENTRALE AGRIVOLTA\u00cfQUE<\/mark><\/strong><\/p>\n\n\n\n<p>Le projet agrisolaire Herbrasol correspond avant tout \u00e0 un projet agricole, puis \u00e0 un projet photovolta\u00efque con\u00e7u par et pour les agriculteurs, au service de leur exploitation agricole.<\/p>\n\n\n\n<p>Le projet agrivolta\u00efque s\u2019\u00e9tendra sur une <strong>surface utile agrivolta\u00efque d\u2019environ 63.8 ha<\/strong>, au sein d\u2019une <strong>emprise cl\u00f4tur\u00e9e de 86.4 ha<\/strong>.<\/p>\n\n\n\n<p>La conception du parc a \u00e9t\u00e9 r\u00e9alis\u00e9e en tenant compte de multiples enjeux, \u00e0 savoir&nbsp;:<\/p>\n\n\n\n<ul class=\"wp-block-list\">\n<li>Les besoins et exigences des \u00e9leveurs&nbsp;;<\/li>\n\n\n\n<li>Les pr\u00e9conisations des bureaux d\u2019\u00e9tudes agricoles en termes de dimensionnement&nbsp;;<\/li>\n\n\n\n<li>L\u2019int\u00e9gration des enjeux \u00e9cologiques dans une strat\u00e9gie de recherche d\u2019un projet de moindre impact&nbsp;;<\/li>\n\n\n\n<li>Les enjeux riverains et le cadre de vie, en tenant compte de l\u2019impact paysager tout en limitant les potentielles autres nuisances<\/li>\n\n\n\n<li>La prise en consid\u00e9ration des pr\u00e9conisations du SDIS61.<\/li>\n<\/ul>\n\n\n\n<p>La centrale agrisolaire projet\u00e9e sera constitu\u00e9e de&nbsp;:<\/p>\n\n\n\n<ul class=\"wp-block-list\">\n<li>Plusieurs rang\u00e9es de<strong> panneaux photovolta\u00efques, <\/strong>mont\u00e9s sur des<strong> supports fixes <\/strong>en aluminium orient\u00e9s face au sudet support\u00e9es par des fondations de type<strong> pieux battus,<\/strong><\/li>\n\n\n\n<li>Deux niveaux de <strong>cl\u00f4ture<\/strong>&nbsp;:<ul><li>Des <strong>cl\u00f4tures grosses mailles<\/strong> en acier galvanis\u00e9, poteaux bois, de 2 m de hauteur (d\u00e9tail dans les pi\u00e8ces PC5 du pr\u00e9sent dossier). <strong>7 portails<\/strong> sont pr\u00e9vus pour acc\u00e9der aux ilots,<\/li><\/ul>\n<ul class=\"wp-block-list\">\n<li>Des <strong>cl\u00f4tures agricoles souples<\/strong> pour diviser les ilots en paddocks de p\u00e2turage. Ces cl\u00f4tures seront suffisamment souples pour permettre le franchissement par le SDIS en cas d\u2019intervention,<\/li>\n<\/ul>\n<\/li>\n\n\n\n<li><strong>D\u2019am\u00e9nagements agricoles&nbsp;: <\/strong>17 abreuvoirs raccord\u00e9s \u00e0 un r\u00e9seau d\u2019eau et des r\u00e2teliers, r\u00e9partis sur les diff\u00e9rents paddocks,<\/li>\n\n\n\n<li><strong>14 onduleurs centralis\u00e9s<\/strong>,<\/li>\n\n\n\n<li><strong>14 locaux techniques<\/strong> accueillant des postes de transformation,<\/li>\n\n\n\n<li><strong>2 armoires de coupure <\/strong>pr\u00e9vues pour le raccordement de l\u2019installation au r\u00e9seau public de distribution<\/li>\n\n\n\n<li><strong>C\u00e2bles \u00e9lectriques<\/strong><ul><li>En a\u00e9rien, plaqu\u00e9s derri\u00e8re les panneaux, jusqu\u2019\u00e0 des boites de jonction,<\/li><\/ul>\n<ul class=\"wp-block-list\">\n<li>Enterr\u00e9s dans des tranch\u00e9es entre les boites de jonction et les onduleurs,<\/li>\n<\/ul>\n<\/li>\n\n\n\n<li><strong>Pistes d\u2019exploitation <\/strong>\u00ab&nbsp;lourdes&nbsp;\u00bb et \u00ab&nbsp;l\u00e9g\u00e8res&nbsp;\u00bb; <strong><u>non imperm\u00e9abilisantes<\/u><\/strong>, en Gravier Non Trait\u00e9 (GNT), dimensionn\u00e9es pour l\u2019accessibilit\u00e9&nbsp;:<ul><li>De l\u2019\u00e9leveur \u00e0 ses parcelles et \u00e9quipements&nbsp;;<\/li><\/ul><ul><li>De l\u2019\u00e9quipe exploitation-maintenance pour la partie photovolta\u00efque&nbsp;;<\/li><\/ul>\n<ul class=\"wp-block-list\">\n<li>Des services d\u2019intervention du SDIS en cas d\u2019incendie,<\/li>\n<\/ul>\n<\/li>\n\n\n\n<li>Des <strong>bandes enherb\u00e9es<\/strong> d\u2019une largeur de 1 m entre les cl\u00f4tures et les pistes,<\/li>\n\n\n\n<li><strong>14 r\u00e9serves<\/strong> <strong>incendies<\/strong> de 30 m\u00b3 pour la lutte contre les incendies, r\u00e9parties sur l\u2019ensemble du site et accessibles,<\/li>\n\n\n\n<li><strong>7 aires de stockage,<\/strong> qui correspondent \u00e0 des zones r\u00e9serv\u00e9es et non imperm\u00e9abilis\u00e9es, pour le stockage de mat\u00e9riel en phase chantier. Ces zones font l\u2019objet d\u2019une remise en \u00e9tat en fin de chantier pour limiter l\u2019impact sur les prairies.<\/li>\n<\/ul>\n\n\n\n<figure class=\"wp-block-image size-large\"><img loading=\"lazy\" decoding=\"async\" width=\"1024\" height=\"724\" src=\"https:\/\/blogvaleco.com\/projetagrivoltaiqueherbrasol\/wp-content\/uploads\/sites\/27\/2025\/02\/20250220_1612-Projet-HERBRASOL-1024x724.png\" alt=\"\" class=\"wp-image-1088\" srcset=\"https:\/\/blogvaleco.com\/projetagrivoltaiqueherbrasol\/wp-content\/uploads\/sites\/27\/2025\/02\/20250220_1612-Projet-HERBRASOL-1024x724.png 1024w, https:\/\/blogvaleco.com\/projetagrivoltaiqueherbrasol\/wp-content\/uploads\/sites\/27\/2025\/02\/20250220_1612-Projet-HERBRASOL-300x212.png 300w, https:\/\/blogvaleco.com\/projetagrivoltaiqueherbrasol\/wp-content\/uploads\/sites\/27\/2025\/02\/20250220_1612-Projet-HERBRASOL-768x543.png 768w, https:\/\/blogvaleco.com\/projetagrivoltaiqueherbrasol\/wp-content\/uploads\/sites\/27\/2025\/02\/20250220_1612-Projet-HERBRASOL.png 1262w\" sizes=\"auto, (max-width: 1024px) 100vw, 1024px\" \/><\/figure>\n\n\n\n<figure class=\"wp-block-image size-large\"><img loading=\"lazy\" decoding=\"async\" width=\"1024\" height=\"724\" src=\"https:\/\/blogvaleco.com\/projetagrivoltaiqueherbrasol\/wp-content\/uploads\/sites\/27\/2025\/02\/20250220_1613-Projet-HERBRASOL-1024x724.png\" alt=\"\" class=\"wp-image-1089\" srcset=\"https:\/\/blogvaleco.com\/projetagrivoltaiqueherbrasol\/wp-content\/uploads\/sites\/27\/2025\/02\/20250220_1613-Projet-HERBRASOL-1024x724.png 1024w, https:\/\/blogvaleco.com\/projetagrivoltaiqueherbrasol\/wp-content\/uploads\/sites\/27\/2025\/02\/20250220_1613-Projet-HERBRASOL-300x212.png 300w, https:\/\/blogvaleco.com\/projetagrivoltaiqueherbrasol\/wp-content\/uploads\/sites\/27\/2025\/02\/20250220_1613-Projet-HERBRASOL-768x543.png 768w, https:\/\/blogvaleco.com\/projetagrivoltaiqueherbrasol\/wp-content\/uploads\/sites\/27\/2025\/02\/20250220_1613-Projet-HERBRASOL.png 1262w\" sizes=\"auto, (max-width: 1024px) 100vw, 1024px\" \/><\/figure>\n\n\n\n<figure class=\"wp-block-image size-large\"><img loading=\"lazy\" decoding=\"async\" width=\"1024\" height=\"374\" src=\"https:\/\/blogvaleco.com\/projetagrivoltaiqueherbrasol\/wp-content\/uploads\/sites\/27\/2025\/02\/image-29-1024x374.png\" alt=\"\" class=\"wp-image-1090\" srcset=\"https:\/\/blogvaleco.com\/projetagrivoltaiqueherbrasol\/wp-content\/uploads\/sites\/27\/2025\/02\/image-29-1024x374.png 1024w, https:\/\/blogvaleco.com\/projetagrivoltaiqueherbrasol\/wp-content\/uploads\/sites\/27\/2025\/02\/image-29-300x110.png 300w, https:\/\/blogvaleco.com\/projetagrivoltaiqueherbrasol\/wp-content\/uploads\/sites\/27\/2025\/02\/image-29-768x281.png 768w, https:\/\/blogvaleco.com\/projetagrivoltaiqueherbrasol\/wp-content\/uploads\/sites\/27\/2025\/02\/image-29.png 1067w\" sizes=\"auto, (max-width: 1024px) 100vw, 1024px\" \/><\/figure>\n\n\n\n<p>Dimensions projet\u00e9es : <\/p>\n\n\n\n<ul class=\"wp-block-list\">\n<li>10 m\u00e8tres entre la cl\u00f4ture et le premier panneau<\/li>\n\n\n\n<li>Pistes de 4 m\u00e8tres de largeur<\/li>\n\n\n\n<li>Bas de panneau 1.50 m\u00e8tre, haut de pannea 3.83 m\u00e8tre<\/li>\n\n\n\n<li>Largeur des tables 4.00 m\u00e8tre (projet\u00e9 au sol, selon angle de 30\u00b0)<\/li>\n\n\n\n<li>Distance inter-tables 6.00 m\u00e8tres<\/li>\n\n\n\n<li>Conception en mono-pieu : 1 pied dans le sens de la largeur<\/li>\n<\/ul>\n\n\n\n<p>Le projet agrivolta\u00efque s\u2019\u00e9tendra sur une <strong>surface utile agrivolta\u00efque d\u2019environ 63.8 ha<\/strong>, au sein d\u2019une <strong>emprise cl\u00f4tur\u00e9e de 86.4 ha<\/strong>. <\/p>\n\n\n\n<ul class=\"wp-block-list\">\n<li><strong>21 ha d\u2019emprise au sol li\u00e9s aux tables photovolta\u00efques, <u>qui restent p\u00e2turables<\/u><\/strong><\/li>\n\n\n\n<li>40,2 ha d\u2019inter-rang\u00e9es, libres de toute structure et m\u00e9canisables pour la fauche<\/li>\n\n\n\n<li>3,1 ha de pistes d\u2019exploitation<\/li>\n\n\n\n<li>2,1 ha de zones de stockage<\/li>\n\n\n\n<li>0,5 ha de locaux techniques<\/li>\n<\/ul>\n\n\n\n<p><strong><mark style=\"background-color:#EFEFEF\" class=\"has-inline-color has-primary-color\">ACCES AU SITE ET AUX CONSTRUCTIONS<\/mark><\/strong><\/p>\n\n\n\n<figure class=\"wp-block-image size-full\"><img loading=\"lazy\" decoding=\"async\" width=\"958\" height=\"595\" src=\"https:\/\/blogvaleco.com\/projetagrivoltaiqueherbrasol\/wp-content\/uploads\/sites\/27\/2025\/02\/image-30.png\" alt=\"\" class=\"wp-image-1091\" srcset=\"https:\/\/blogvaleco.com\/projetagrivoltaiqueherbrasol\/wp-content\/uploads\/sites\/27\/2025\/02\/image-30.png 958w, https:\/\/blogvaleco.com\/projetagrivoltaiqueherbrasol\/wp-content\/uploads\/sites\/27\/2025\/02\/image-30-300x186.png 300w, https:\/\/blogvaleco.com\/projetagrivoltaiqueherbrasol\/wp-content\/uploads\/sites\/27\/2025\/02\/image-30-768x477.png 768w\" sizes=\"auto, (max-width: 958px) 100vw, 958px\" \/><\/figure>\n\n\n\n<p><strong><mark style=\"background-color:#EFEFEF\" class=\"has-inline-color has-primary-color\">DESCRIPTION DU PROJET DE POSTE DE RACCORDEMENT ELECTRIQUE<\/mark><\/strong><\/p>\n\n\n\n<figure class=\"wp-block-image size-large\"><img loading=\"lazy\" decoding=\"async\" width=\"1024\" height=\"698\" src=\"https:\/\/blogvaleco.com\/projetagrivoltaiqueherbrasol\/wp-content\/uploads\/sites\/27\/2025\/02\/image-31-1024x698.png\" alt=\"\" class=\"wp-image-1092\" srcset=\"https:\/\/blogvaleco.com\/projetagrivoltaiqueherbrasol\/wp-content\/uploads\/sites\/27\/2025\/02\/image-31-1024x698.png 1024w, https:\/\/blogvaleco.com\/projetagrivoltaiqueherbrasol\/wp-content\/uploads\/sites\/27\/2025\/02\/image-31-300x204.png 300w, https:\/\/blogvaleco.com\/projetagrivoltaiqueherbrasol\/wp-content\/uploads\/sites\/27\/2025\/02\/image-31-768x523.png 768w, https:\/\/blogvaleco.com\/projetagrivoltaiqueherbrasol\/wp-content\/uploads\/sites\/27\/2025\/02\/image-31.png 1052w\" sizes=\"auto, (max-width: 1024px) 100vw, 1024px\" \/><\/figure>\n\n\n\n<p>Le projet agrivolta\u00efque HERBRASOL s&rsquo;accompagne d&rsquo;un projet de cr\u00e9ation de poste de raccordement HTB (Haute Tension \u00e9chelon B) financ\u00e9 par VALECO. <\/p>\n\n\n\n<p>Ce projet, POSTE PRIVE ORNE NORD EST, est situ\u00e9 sur le lieu dit LA VILLETIERE sur l&rsquo;ancienne commune d&rsquo;HEUGON aujourd&rsquo;hui rattach\u00e9e \u00e0 LA FERTE EN OUCHE, \u00e0 proximit\u00e9 imm\u00e9diate de la ligne \u00e0 haute tension repr\u00e9sent\u00e9e en jaune sur la carte ci dessus. Les c\u00e2bles de raccordement suivront le trac\u00e9 symbolis\u00e9 en rouge, en suivant les bordures de route. Les c\u00e2bles seront enterr\u00e9s lors d&rsquo;une phase de chantier dite mobile (avec excavage, placement des c\u00e2bles et rebouchage par des v\u00e9hicules qui se suivent). <\/p>\n\n\n\n<p><em>Date de mise \u00e0 jour : 10 f\u00e9vrier 2025<\/em><\/p>\n","protected":false},"excerpt":{"rendered":"<p>DESCRIPTIF DE LA CENTRALE AGRIVOLTA\u00cfQUE Le projet agrisolaire Herbrasol correspond avant tout \u00e0 un projet agricole, puis \u00e0 un projet photovolta\u00efque con\u00e7u par et pour les agriculteurs, au service de leur exploitation agricole. Le projet agrivolta\u00efque s\u2019\u00e9tendra sur une surface utile agrivolta\u00efque d\u2019environ 63.8 ha, au sein d\u2019une emprise cl\u00f4tur\u00e9e de 86.4 ha. La conception [&hellip;]<\/p>\n","protected":false},"author":1,"featured_media":831,"parent":15,"menu_order":0,"comment_status":"closed","ping_status":"closed","template":"","meta":{"_acf_changed":false,"inline_featured_image":false,"footnotes":""},"class_list":["post-151","page","type-page","status-publish","has-post-thumbnail","hentry"],"acf":[],"_links":{"self":[{"href":"https:\/\/blogvaleco.com\/projetagrivoltaiqueherbrasol\/wp-json\/wp\/v2\/pages\/151","targetHints":{"allow":["GET"]}}],"collection":[{"href":"https:\/\/blogvaleco.com\/projetagrivoltaiqueherbrasol\/wp-json\/wp\/v2\/pages"}],"about":[{"href":"https:\/\/blogvaleco.com\/projetagrivoltaiqueherbrasol\/wp-json\/wp\/v2\/types\/page"}],"author":[{"embeddable":true,"href":"https:\/\/blogvaleco.com\/projetagrivoltaiqueherbrasol\/wp-json\/wp\/v2\/users\/1"}],"replies":[{"embeddable":true,"href":"https:\/\/blogvaleco.com\/projetagrivoltaiqueherbrasol\/wp-json\/wp\/v2\/comments?post=151"}],"version-history":[{"count":11,"href":"https:\/\/blogvaleco.com\/projetagrivoltaiqueherbrasol\/wp-json\/wp\/v2\/pages\/151\/revisions"}],"predecessor-version":[{"id":1175,"href":"https:\/\/blogvaleco.com\/projetagrivoltaiqueherbrasol\/wp-json\/wp\/v2\/pages\/151\/revisions\/1175"}],"up":[{"embeddable":true,"href":"https:\/\/blogvaleco.com\/projetagrivoltaiqueherbrasol\/wp-json\/wp\/v2\/pages\/15"}],"wp:featuredmedia":[{"embeddable":true,"href":"https:\/\/blogvaleco.com\/projetagrivoltaiqueherbrasol\/wp-json\/wp\/v2\/media\/831"}],"wp:attachment":[{"href":"https:\/\/blogvaleco.com\/projetagrivoltaiqueherbrasol\/wp-json\/wp\/v2\/media?parent=151"}],"curies":[{"name":"wp","href":"https:\/\/api.w.org\/{rel}","templated":true}]}}