{"id":157,"date":"2024-03-07T18:00:45","date_gmt":"2024-03-07T17:00:45","guid":{"rendered":"https:\/\/blogs.groupevaleco.com\/site-modele\/?page_id=157"},"modified":"2025-01-20T16:49:43","modified_gmt":"2025-01-20T15:49:43","slug":"le-territoire","status":"publish","type":"page","link":"https:\/\/blogvaleco.com\/perigordnontronnais\/projet\/le-territoire\/","title":{"rendered":"Le territoire"},"content":{"rendered":"\n<p><\/p>\n\n\n\n<p><\/p>\n\n\n\n<h2 class=\"wp-block-heading has-secondary-color has-text-color has-link-color has-large-font-size wp-elements-9408a88effebce5b9cbad93c07b47415\">Les documents d&rsquo;informations diffus\u00e9s sur le projet<strong> <\/strong><\/h2>\n\n\n\n<div class=\"wp-block-group alignfull has-light-grey-background-color has-background is-layout-constrained wp-block-group-is-layout-constrained\" style=\"padding-top:var(--wp--preset--spacing--60);padding-bottom:var(--wp--preset--spacing--60)\">\n<div class=\"wp-block-columns cta-block-1 is-layout-flex wp-container-core-columns-is-layout-28f84493 wp-block-columns-is-layout-flex\">\n<div class=\"wp-block-column has-white-background-color has-background is-layout-flow wp-block-column-is-layout-flow\" style=\"padding-top:var(--wp--preset--spacing--50);padding-right:var(--wp--preset--spacing--60);padding-bottom:var(--wp--preset--spacing--50);padding-left:var(--wp--preset--spacing--60);flex-basis:33.333333%\">\n<p class=\"has-primary-color has-text-color has-link-color has-lato-font-family wp-elements-7d95b9603aae083f00e2598fb4860630\" style=\"font-size:18px;font-style:normal;font-weight:600\">Lettre d&rsquo;information n\u00b01<\/p>\n\n\n\n<p class=\"has-text-color has-link-color wp-elements-9f4bd26bc671f280d32d38e4f074077e\" style=\"color:#7c7c7c\">Lettre d&rsquo;information distribu\u00e9e lors du passage en porte \u00e0 porte du 23 et 24 janvier 2025<\/p>\n\n\n\n<div data-wp-interactive=\"core\/file\" class=\"wp-block-file\"><object data-wp-bind--hidden=\"!state.hasPdfPreview\" hidden class=\"wp-block-file__embed\" data=\"https:\/\/blogvaleco.com\/perigordnontronnais\/wp-content\/uploads\/sites\/83\/2025\/01\/LI_Perigord-Nontronnais_1_page-a-page_imp.pdf\" type=\"application\/pdf\" style=\"width:100%;height:600px\" aria-label=\"Contenu embarqu\u00e9 Lettre d&apos;information n\u00b01.\"><\/object><a id=\"wp-block-file--media-b39af439-0b65-4e92-b153-0ad28087becd\" href=\"https:\/\/blogvaleco.com\/perigordnontronnais\/wp-content\/uploads\/sites\/83\/2025\/01\/LI_Perigord-Nontronnais_1_page-a-page_imp.pdf\">Lettre d&rsquo;information n\u00b01<\/a><a href=\"https:\/\/blogvaleco.com\/perigordnontronnais\/wp-content\/uploads\/sites\/83\/2025\/01\/LI_Perigord-Nontronnais_1_page-a-page_imp.pdf\" class=\"wp-block-file__button wp-element-button\" download aria-describedby=\"wp-block-file--media-b39af439-0b65-4e92-b153-0ad28087becd\">T\u00e9l\u00e9charger<\/a><\/div>\n<\/div>\n<\/div>\n<\/div>\n\n\n\n<div class=\"wp-block-media-text is-stacked-on-mobile\"><figure class=\"wp-block-media-text__media\"><img loading=\"lazy\" decoding=\"async\" width=\"561\" height=\"482\" src=\"https:\/\/blogvaleco.com\/perigordnontronnais\/wp-content\/uploads\/sites\/83\/2024\/12\/mairie-rognee.png\" alt=\"\" class=\"wp-image-1033 size-full\" srcset=\"https:\/\/blogvaleco.com\/perigordnontronnais\/wp-content\/uploads\/sites\/83\/2024\/12\/mairie-rognee.png 561w, https:\/\/blogvaleco.com\/perigordnontronnais\/wp-content\/uploads\/sites\/83\/2024\/12\/mairie-rognee-300x258.png 300w\" sizes=\"auto, (max-width: 561px) 100vw, 561px\" \/><\/figure><div class=\"wp-block-media-text__content\">\n<h2 class=\"wp-block-heading has-primary-color has-text-color has-link-color has-large-font-size wp-elements-887a5ba6c16bb5df522816c3892be46d\">La concertation avec le territoire<strong> <\/strong><\/h2>\n\n\n\n<p>A chaque \u00e9tape du projet du P\u00e9rigord Nontronnais, des acteurs du territoires ont \u00e9t\u00e9 consult\u00e9s notamment \u00e0 travers des comit\u00e9s de suivi trimestriels. Ainsi, les repr\u00e9sentants de toutes les \u00e9chelles de collectivit\u00e9s ont pu \u00eatre entendus, allant de la commune \u00e0 la Sous-Pr\u00e9fecture de Nontron.<\/p>\n\n\n\n<p>De plus, nous r\u00e9aliserons en Janvier 2025 un porte \u00e0 porte permettant aux riverains d\u2019\u00eatre inform\u00e9s sur le projet et de nous poser leurs questions.<\/p>\n\n\n\n<p><\/p>\n<\/div><\/div>\n\n\n\n<div class=\"wp-block-cover alignfull is-light\" style=\"min-height:269px;aspect-ratio:unset;\"><span aria-hidden=\"true\" class=\"wp-block-cover__background has-white-background-color has-background-dim-100 has-background-dim\"><\/span><div class=\"wp-block-cover__inner-container is-layout-constrained wp-block-cover-is-layout-constrained\">\n    <div  class=\"bf-timeline-horizontal alignfull bf-timeline-horizontal__theme-dark\" data-dot=\"5\">\n        <div class=\"bf-timeline-horizontal__container\">\n                            <div class=\"bf-timeline-horizontal__event \">\n                    <span class=\"bf-timeline-horizontal__event-effect\"><\/span>\n                    <span class=\"bf-timeline-horizontal__event-element\" data-year=\"2024\" data-info=\"Premier comit\u00e9 de suivi\"><\/span>\n                <\/div>\n\n                            <div class=\"bf-timeline-horizontal__event \">\n                    <span class=\"bf-timeline-horizontal__event-effect\"><\/span>\n                    <span class=\"bf-timeline-horizontal__event-element\" data-year=\"2024\" data-info=\"Deuxi\u00e8me comit\u00e9 de suivi\"><\/span>\n                <\/div>\n\n                            <div class=\"bf-timeline-horizontal__event \">\n                    <span class=\"bf-timeline-horizontal__event-effect\"><\/span>\n                    <span class=\"bf-timeline-horizontal__event-element\" data-year=\"2024\" data-info=\"Troisi\u00e8me comit\u00e9 de suivi\"><\/span>\n                <\/div>\n\n                            <div class=\"bf-timeline-horizontal__event active\">\n                    <span class=\"bf-timeline-horizontal__event-effect\"><\/span>\n                    <span class=\"bf-timeline-horizontal__event-element\" data-year=\"2024\" data-info=\"Porte \u00e0 porte\"><\/span>\n                <\/div>\n\n                            <div class=\"bf-timeline-horizontal__event \">\n                    <span class=\"bf-timeline-horizontal__event-effect\"><\/span>\n                    <span class=\"bf-timeline-horizontal__event-element\" data-year=\"2025\" data-info=\"Deuxi\u00e8me lettre d&#039;information\"><\/span>\n                <\/div>\n\n                    <\/div>\n    <\/div>\n<\/div><\/div>\n\n\n\n<h2 class=\"wp-block-heading\"><mark style=\"background-color:#ffffff\" class=\"has-inline-color has-secondary-color\">Des retomb\u00e9es locales<\/mark><\/h2>\n\n\n\n<p>Le projet agrivolta\u00efque est un r\u00e9el projet d&rsquo;int\u00e9r\u00eat collectif au service du territoire. Au travers des \u00e9tudes en cours, une d\u00e9marche est en \u0153uvre pour identifier des&nbsp;<strong>mesures cibl\u00e9es<\/strong>, d&rsquo;int\u00e9r\u00eat environnemental et\/ou agricole et en ad\u00e9quation avec les attentes du territoire, qui seront \u00e0 mettre en place dans le cadre du projet.<\/p>\n\n\n\n<p>Un tel projet g\u00e9n\u00e8re \u00e9galement des&nbsp;<strong>retomb\u00e9es fiscales annuelles<\/strong>, permettant de contribuer au d\u00e9veloppement territorial local. L\u2019<strong>IFER<\/strong> (Imposition Forfaitaire sur les Entreprises et R\u00e9seaux), la <strong>CFE<\/strong> (cotisation fonci\u00e8re des entreprises), ou encore la <strong>taxe fonci\u00e8re<\/strong> sur les propri\u00e9t\u00e9s b\u00e2ties sont autant de ressources pour la commune, la communaut\u00e9 de communes et le d\u00e9partement. Ces taxes b\u00e9n\u00e9ficient donc indirectement \u00e0 l&rsquo;ensemble des habitants du territoire au travers des projets r\u00e9alis\u00e9s par les collectivit\u00e9s.<\/p>\n\n\n\n\n\n<p>Il permet par ailleurs de <strong>p\u00e9renniser et d\u00e9velopper les activit\u00e9s agricoles sur le territoire.<\/strong> <\/p>\n\n\n\n<p>Enfin, Valeco aura \u00e0 c\u0153ur de&nbsp;<strong>valoriser les comp\u00e9tences locales<\/strong>, en sollicitant des entreprises r\u00e9gionales pour la construction de la centrale et via la potentielle cr\u00e9ation d&rsquo;un emploi sur la base de maintenance.<\/p>\n\n\n\n<p><\/p>\n\n\n\n<h2 class=\"wp-block-heading has-large-font-size\"><mark style=\"background-color:#ffffff\" class=\"has-inline-color has-secondary-color\">Valeco sur le territoire national<\/mark><\/h2>\n\n\n\n<figure class=\"wp-block-image size-large\"><img loading=\"lazy\" decoding=\"async\" width=\"1024\" height=\"720\" src=\"https:\/\/blogvaleco.com\/perigordnontronnais\/wp-content\/uploads\/sites\/83\/2024\/07\/valeco_territoire-1024x720.png\" alt=\"\" class=\"wp-image-668\" srcset=\"https:\/\/blogvaleco.com\/perigordnontronnais\/wp-content\/uploads\/sites\/83\/2024\/07\/valeco_territoire-1024x720.png 1024w, https:\/\/blogvaleco.com\/perigordnontronnais\/wp-content\/uploads\/sites\/83\/2024\/07\/valeco_territoire-300x211.png 300w, https:\/\/blogvaleco.com\/perigordnontronnais\/wp-content\/uploads\/sites\/83\/2024\/07\/valeco_territoire-768x540.png 768w, https:\/\/blogvaleco.com\/perigordnontronnais\/wp-content\/uploads\/sites\/83\/2024\/07\/valeco_territoire-1536x1080.png 1536w, https:\/\/blogvaleco.com\/perigordnontronnais\/wp-content\/uploads\/sites\/83\/2024\/07\/valeco_territoire-2048x1440.png 2048w\" sizes=\"auto, (max-width: 1024px) 100vw, 1024px\" \/><\/figure>\n\n\n\n<p><\/p>\n\n\n\n<h2 class=\"wp-block-heading\"><mark style=\"background-color:#ffffff\" class=\"has-inline-color has-secondary-color\">Et dans votre r\u00e9gion<\/mark><\/h2>\n\n\n\n<p><a href=\"https:\/\/www.groupevaleco.com\/presence-france\/\" data-type=\"link\" data-id=\"https:\/\/www.groupevaleco.com\/presence-france\/\">Retrouvez les activit\u00e9s de Valeco dans la r\u00e9gion <mark style=\"background-color:#ffffff\" class=\"has-inline-color has-secondary-color\">Nouvelle Aquitaine<\/mark> au lien suivant.<\/a><\/p>\n\n\n\n\n\n<p><\/p>\n\n\n\n<p><\/p>\n","protected":false},"excerpt":{"rendered":"<p>Les documents d&rsquo;informations diffus\u00e9s sur le projet Lettre d&rsquo;information n\u00b01 Lettre d&rsquo;information distribu\u00e9e lors du passage en porte \u00e0 porte du 23 et 24 janvier 2025 La concertation avec le territoire A chaque \u00e9tape du projet du P\u00e9rigord Nontronnais, des acteurs du territoires ont \u00e9t\u00e9 consult\u00e9s notamment \u00e0 travers des comit\u00e9s de suivi trimestriels. Ainsi, [&hellip;]<\/p>\n","protected":false},"author":1,"featured_media":833,"parent":15,"menu_order":0,"comment_status":"open","ping_status":"closed","template":"","meta":{"_acf_changed":false,"inline_featured_image":false,"footnotes":""},"class_list":["post-157","page","type-page","status-publish","has-post-thumbnail","hentry"],"acf":[],"_links":{"self":[{"href":"https:\/\/blogvaleco.com\/perigordnontronnais\/wp-json\/wp\/v2\/pages\/157","targetHints":{"allow":["GET"]}}],"collection":[{"href":"https:\/\/blogvaleco.com\/perigordnontronnais\/wp-json\/wp\/v2\/pages"}],"about":[{"href":"https:\/\/blogvaleco.com\/perigordnontronnais\/wp-json\/wp\/v2\/types\/page"}],"author":[{"embeddable":true,"href":"https:\/\/blogvaleco.com\/perigordnontronnais\/wp-json\/wp\/v2\/users\/1"}],"replies":[{"embeddable":true,"href":"https:\/\/blogvaleco.com\/perigordnontronnais\/wp-json\/wp\/v2\/comments?post=157"}],"version-history":[{"count":44,"href":"https:\/\/blogvaleco.com\/perigordnontronnais\/wp-json\/wp\/v2\/pages\/157\/revisions"}],"predecessor-version":[{"id":1067,"href":"https:\/\/blogvaleco.com\/perigordnontronnais\/wp-json\/wp\/v2\/pages\/157\/revisions\/1067"}],"up":[{"embeddable":true,"href":"https:\/\/blogvaleco.com\/perigordnontronnais\/wp-json\/wp\/v2\/pages\/15"}],"wp:featuredmedia":[{"embeddable":true,"href":"https:\/\/blogvaleco.com\/perigordnontronnais\/wp-json\/wp\/v2\/media\/833"}],"wp:attachment":[{"href":"https:\/\/blogvaleco.com\/perigordnontronnais\/wp-json\/wp\/v2\/media?parent=157"}],"curies":[{"name":"wp","href":"https:\/\/api.w.org\/{rel}","templated":true}]}}

<p></p>



<p></p>



<h2 class="wp-block-heading has-secondary-color has-text-color has-link-color has-large-font-size wp-elements-9408a88effebce5b9cbad93c07b47415">Les documents d&rsquo;informations diffusés sur le projet<strong> </strong></h2>



<div class="wp-block-group alignfull has-light-grey-background-color has-background is-layout-constrained wp-block-group-is-layout-constrained" style="padding-top:var(--wp--preset--spacing--60);padding-bottom:var(--wp--preset--spacing--60)">
<div class="wp-block-columns cta-block-1 is-layout-flex wp-container-core-columns-is-layout-28f84493 wp-block-columns-is-layout-flex">
<div class="wp-block-column has-white-background-color has-background is-layout-flow wp-block-column-is-layout-flow" style="padding-top:var(--wp--preset--spacing--50);padding-right:var(--wp--preset--spacing--60);padding-bottom:var(--wp--preset--spacing--50);padding-left:var(--wp--preset--spacing--60);flex-basis:33.333333%">
<p class="has-primary-color has-text-color has-link-color has-lato-font-family wp-elements-7d95b9603aae083f00e2598fb4860630" style="font-size:18px;font-style:normal;font-weight:600">Lettre d&rsquo;information n°1</p>



<p class="has-text-color has-link-color wp-elements-9f4bd26bc671f280d32d38e4f074077e" style="color:#7c7c7c">Lettre d&rsquo;information distribuée lors du passage en porte à porte du 23 et 24 janvier 2025</p>



<div data-wp-interactive="core/file" class="wp-block-file"><object data-wp-bind--hidden="!state.hasPdfPreview" hidden class="wp-block-file__embed" data="https://blogvaleco.com/perigordnontronnais/wp-content/uploads/sites/83/2025/01/LI_Perigord-Nontronnais_1_page-a-page_imp.pdf" type="application/pdf" style="width:100%;height:600px" aria-label="Contenu embarqué Lettre d&apos;information n°1."></object><a id="wp-block-file--media-b39af439-0b65-4e92-b153-0ad28087becd" href="https://blogvaleco.com/perigordnontronnais/wp-content/uploads/sites/83/2025/01/LI_Perigord-Nontronnais_1_page-a-page_imp.pdf">Lettre d&rsquo;information n°1</a><a href="https://blogvaleco.com/perigordnontronnais/wp-content/uploads/sites/83/2025/01/LI_Perigord-Nontronnais_1_page-a-page_imp.pdf" class="wp-block-file__button wp-element-button" download aria-describedby="wp-block-file--media-b39af439-0b65-4e92-b153-0ad28087becd">Télécharger</a></div>
</div>
</div>
</div>



<div class="wp-block-media-text is-stacked-on-mobile"><figure class="wp-block-media-text__media"><img loading="lazy" decoding="async" width="561" height="482" src="https://blogvaleco.com/perigordnontronnais/wp-content/uploads/sites/83/2024/12/mairie-rognee.png" alt="" class="wp-image-1033 size-full" srcset="https://blogvaleco.com/perigordnontronnais/wp-content/uploads/sites/83/2024/12/mairie-rognee.png 561w, https://blogvaleco.com/perigordnontronnais/wp-content/uploads/sites/83/2024/12/mairie-rognee-300x258.png 300w" sizes="auto, (max-width: 561px) 100vw, 561px" /></figure><div class="wp-block-media-text__content">
<h2 class="wp-block-heading has-primary-color has-text-color has-link-color has-large-font-size wp-elements-887a5ba6c16bb5df522816c3892be46d">La concertation avec le territoire<strong> </strong></h2>



<p>A chaque étape du projet du Périgord Nontronnais, des acteurs du territoires ont été consultés notamment à travers des comités de suivi trimestriels. Ainsi, les représentants de toutes les échelles de collectivités ont pu être entendus, allant de la commune à la Sous-Préfecture de Nontron.</p>



<p>De plus, nous réaliserons en Janvier 2025 un porte à porte permettant aux riverains d’être informés sur le projet et de nous poser leurs questions.</p>



<p></p>
</div></div>



<div class="wp-block-cover alignfull is-light" style="min-height:269px;aspect-ratio:unset;"><span aria-hidden="true" class="wp-block-cover__background has-white-background-color has-background-dim-100 has-background-dim"></span><div class="wp-block-cover__inner-container is-layout-constrained wp-block-cover-is-layout-constrained">
    <div  class="bf-timeline-horizontal alignfull bf-timeline-horizontal__theme-dark" data-dot="5">
        <div class="bf-timeline-horizontal__container">
                            <div class="bf-timeline-horizontal__event ">
                    <span class="bf-timeline-horizontal__event-effect"></span>
                    <span class="bf-timeline-horizontal__event-element" data-year="2024" data-info="Premier comité de suivi"></span>
                </div>

                            <div class="bf-timeline-horizontal__event ">
                    <span class="bf-timeline-horizontal__event-effect"></span>
                    <span class="bf-timeline-horizontal__event-element" data-year="2024" data-info="Deuxième comité de suivi"></span>
                </div>

                            <div class="bf-timeline-horizontal__event ">
                    <span class="bf-timeline-horizontal__event-effect"></span>
                    <span class="bf-timeline-horizontal__event-element" data-year="2024" data-info="Troisième comité de suivi"></span>
                </div>

                            <div class="bf-timeline-horizontal__event active">
                    <span class="bf-timeline-horizontal__event-effect"></span>
                    <span class="bf-timeline-horizontal__event-element" data-year="2024" data-info="Porte à porte"></span>
                </div>

                            <div class="bf-timeline-horizontal__event ">
                    <span class="bf-timeline-horizontal__event-effect"></span>
                    <span class="bf-timeline-horizontal__event-element" data-year="2025" data-info="Deuxième lettre d&#039;information"></span>
                </div>

                    </div>
    </div>
</div></div>



<h2 class="wp-block-heading"><mark style="background-color:#ffffff" class="has-inline-color has-secondary-color">Des retombées locales</mark></h2>



<p>Le projet agrivoltaïque est un réel projet d&rsquo;intérêt collectif au service du territoire. Au travers des études en cours, une démarche est en œuvre pour identifier des&nbsp;<strong>mesures ciblées</strong>, d&rsquo;intérêt environnemental et/ou agricole et en adéquation avec les attentes du territoire, qui seront à mettre en place dans le cadre du projet.</p>



<p>Un tel projet génère également des&nbsp;<strong>retombées fiscales annuelles</strong>, permettant de contribuer au développement territorial local. L’<strong>IFER</strong> (Imposition Forfaitaire sur les Entreprises et Réseaux), la <strong>CFE</strong> (cotisation foncière des entreprises), ou encore la <strong>taxe foncière</strong> sur les propriétés bâties sont autant de ressources pour la commune, la communauté de communes et le département. Ces taxes bénéficient donc indirectement à l&rsquo;ensemble des habitants du territoire au travers des projets réalisés par les collectivités.</p>





<p>Il permet par ailleurs de <strong>pérenniser et développer les activités agricoles sur le territoire.</strong> </p>



<p>Enfin, Valeco aura à cœur de&nbsp;<strong>valoriser les compétences locales</strong>, en sollicitant des entreprises régionales pour la construction de la centrale et via la potentielle création d&rsquo;un emploi sur la base de maintenance.</p>



<p></p>



<h2 class="wp-block-heading has-large-font-size"><mark style="background-color:#ffffff" class="has-inline-color has-secondary-color">Valeco sur le territoire national</mark></h2>



<figure class="wp-block-image size-large"><img loading="lazy" decoding="async" width="1024" height="720" src="https://blogvaleco.com/perigordnontronnais/wp-content/uploads/sites/83/2024/07/valeco_territoire-1024x720.png" alt="" class="wp-image-668" srcset="https://blogvaleco.com/perigordnontronnais/wp-content/uploads/sites/83/2024/07/valeco_territoire-1024x720.png 1024w, https://blogvaleco.com/perigordnontronnais/wp-content/uploads/sites/83/2024/07/valeco_territoire-300x211.png 300w, https://blogvaleco.com/perigordnontronnais/wp-content/uploads/sites/83/2024/07/valeco_territoire-768x540.png 768w, https://blogvaleco.com/perigordnontronnais/wp-content/uploads/sites/83/2024/07/valeco_territoire-1536x1080.png 1536w, https://blogvaleco.com/perigordnontronnais/wp-content/uploads/sites/83/2024/07/valeco_territoire-2048x1440.png 2048w" sizes="auto, (max-width: 1024px) 100vw, 1024px" /></figure>



<p></p>



<h2 class="wp-block-heading"><mark style="background-color:#ffffff" class="has-inline-color has-secondary-color">Et dans votre région</mark></h2>



<p><a href="https://www.groupevaleco.com/presence-france/" data-type="link" data-id="https://www.groupevaleco.com/presence-france/">Retrouvez les activités de Valeco dans la région <mark style="background-color:#ffffff" class="has-inline-color has-secondary-color">Nouvelle Aquitaine</mark> au lien suivant.</a></p>





<p></p>



<p></p>

<p>Les documents d&rsquo;informations diffusés sur le projet Lettre d&rsquo;information n°1 Lettre d&rsquo;information distribuée lors du passage en porte à porte du 23 et 24 janvier 2025 La concertation avec le territoire A chaque étape du projet du Périgord Nontronnais, des acteurs du territoires ont été consultés notamment à travers des comités de suivi trimestriels. Ainsi, [&hellip;]</p>
