{"id":153,"date":"2024-03-07T18:00:29","date_gmt":"2024-03-07T17:00:29","guid":{"rendered":"https:\/\/blogs.groupevaleco.com\/site-modele\/?page_id=153"},"modified":"2025-10-30T12:21:39","modified_gmt":"2025-10-30T11:21:39","slug":"les-etapes","status":"publish","type":"page","link":"https:\/\/blogvaleco.com\/la-ferriere-en-parthenay\/projet\/les-etapes\/","title":{"rendered":"Les \u00e9tapes"},"content":{"rendered":"\n<div style=\"height:20px\" aria-hidden=\"true\" class=\"wp-block-spacer\"><\/div>\n\n\n\n<p class=\"has-text-align-left\">Un projet \u00e9olien est un projet au long cours.<\/p>\n\n\n\n<p class=\"has-text-align-left\">Apr\u00e8s avoir rep\u00e9r\u00e9 un <strong>site propice <\/strong>\u00e0 l&rsquo;implantation d&rsquo;\u00e9oliennes, initi\u00e9 les <strong>premiers contacts<\/strong> avec les \u00e9lus locaux et les propri\u00e9taires et exploitants et estim\u00e9 la faisabilit\u00e9 d&rsquo;un projet, des <strong>\u00e9tudes <\/strong>sont lanc\u00e9es pour une dur\u00e9e d&rsquo;au moins un an. Celles-ci sont r\u00e9alis\u00e9es par des&nbsp;bureaux d\u2019\u00e9tudes ou organismes ind\u00e9pendants sur plusieurs volets : le milieu naturel, le milieu humain, le milieu physique, le paysage, le patrimoine et l\u2019acoustique. <strong>Ces \u00e9tudes sont r\u00e9glementaires et permettent de concevoir un projet de moindre impact sur l\u2019environnement.<\/strong><\/p>\n\n\n\n<p>Les conclusions des inventaires et des \u00e9tudes initiales identifient les sensibilit\u00e9s du projet : l\u2019obtention de ces r\u00e9sultats permet de d\u00e9finir les contours techniques et les plans du projet. Les experts s&rsquo;attachent ensuite \u00e0 \u00e9valuer les impacts du projet retenu afin de les <strong>\u00c9viter, les R\u00e9duire ou les Compenser,<\/strong> selon la logique ERC d\u00e9finie au sein du Code de l\u2019Environnement. Un dossier est alors mont\u00e9 en quelques mois et permet de d\u00e9poser la <strong>demande d&rsquo;Autorisation Environnementale <\/strong>en pr\u00e9fecture.<\/p>\n\n\n\n<p class=\"has-text-align-left\">S&rsquo;en suit une p\u00e9riode d&rsquo;<strong>instruction par les services de l&rsquo;Etat<\/strong> dont la dur\u00e9e varie selon les d\u00e9partements et les projets. Elle d\u00e9bute par une phase d&rsquo;allers-retours entre les services et le porteur du projet aboutissant ou non \u00e0 la recevabilit\u00e9 du projet. Si le projet est jug\u00e9 recevable, il fait alors l&rsquo;objet d&rsquo;une <strong>enqu\u00eate publique<\/strong>, d&rsquo;un passage en <strong>CDNPS<\/strong> (Commission D\u00e9partementale de la Nature, des Paysages et des Sites) puis d&rsquo;une <strong>autorisation ou d&rsquo;un refus du Pr\u00e9fet<\/strong>.<\/p>\n\n\n\n<h2 class=\"wp-block-heading\"><mark style=\"background-color:#ffffff\" class=\"has-inline-color has-secondary-color\">Historique du projet<\/mark><\/h2>\n\n\n\n    <div  class=\"bf-timeline-vertical\">\n        <div class=\"process-line beflex-animation\" data-animation=\"beflexProcessLine\"><\/div>\n        <div class=\"process-line-active beflex-animation\" data-animation=\"beflexProcessLine\"><\/div>\n\n        <div class=\"process-box-container\">\n                            <div class=\"process-box beflex-animation\" data-animation=\"beflexProcess\">\n                    <div class=\"process-box-container\">\n                        \n                        <div class=\"container-title\">Mars 2025<\/div>\n                                                    <div class=\"container-content\"><p>Lancement des \u00e9tudes environnementales<\/p>\n<\/div>\n                        \n                                            <\/div>\n\n                    <div class=\"process-box-order box-1\">\n                        <div class=\"box-number\">01<\/div>\n                        <div class=\"box-dot\"><\/div><div class=\"box-dot-line\"><\/div><div class=\"box-line\"><\/div>\n                    <\/div>\n                <\/div>\n                            <div class=\"process-box beflex-animation\" data-animation=\"beflexProcessRevert\">\n                    <div class=\"process-box-container\">\n                        \n                        <div class=\"container-title\">Mai 2025<\/div>\n                                                    <div class=\"container-content\"><p>Comit\u00e9 de Pilotage n\u00b01<\/p>\n<\/div>\n                        \n                                            <\/div>\n\n                    <div class=\"process-box-order box-2\">\n                        <div class=\"box-number\">02<\/div>\n                        <div class=\"box-dot\"><\/div><div class=\"box-dot-line\"><\/div><div class=\"box-line\"><\/div>\n                    <\/div>\n                <\/div>\n                            <div class=\"process-box beflex-animation\" data-animation=\"beflexProcess\">\n                    <div class=\"process-box-container\">\n                        \n                        <div class=\"container-title\">Juin 2025<\/div>\n                                                    <div class=\"container-content\"><p>Permanence d&rsquo;information n\u00b01<\/p>\n<\/div>\n                        \n                                            <\/div>\n\n                    <div class=\"process-box-order box-3\">\n                        <div class=\"box-number\">03<\/div>\n                        <div class=\"box-dot\"><\/div><div class=\"box-dot-line\"><\/div><div class=\"box-line\"><\/div>\n                    <\/div>\n                <\/div>\n                            <div class=\"process-box beflex-animation\" data-animation=\"beflexProcessRevert\">\n                    <div class=\"process-box-container\">\n                        \n                        <div class=\"container-title\">Juillet 2025<\/div>\n                                                    <div class=\"container-content\"><p>Lancement de l&rsquo;\u00e9tude d&rsquo;impact environnementale et de l&rsquo;\u00e9tude paysag\u00e8re<\/p>\n<\/div>\n                        \n                                            <\/div>\n\n                    <div class=\"process-box-order box-4\">\n                        <div class=\"box-number\">04<\/div>\n                        <div class=\"box-dot\"><\/div><div class=\"box-dot-line\"><\/div><div class=\"box-line\"><\/div>\n                    <\/div>\n                <\/div>\n                            <div class=\"process-box beflex-animation\" data-animation=\"beflexProcess\">\n                    <div class=\"process-box-container\">\n                        \n                        <div class=\"container-title\">Octobre 2025<\/div>\n                                                    <div class=\"container-content\"><p>Comit\u00e9 de pilotage n\u00b02<\/p>\n<\/div>\n                        \n                                            <\/div>\n\n                    <div class=\"process-box-order box-5\">\n                        <div class=\"box-number\">05<\/div>\n                        <div class=\"box-dot\"><\/div><div class=\"box-dot-line\"><\/div><div class=\"box-line\"><\/div>\n                    <\/div>\n                <\/div>\n                    <\/div>\n    <\/div>\n","protected":false},"excerpt":{"rendered":"<p>Un projet \u00e9olien est un projet au long cours. Apr\u00e8s avoir rep\u00e9r\u00e9 un site propice \u00e0 l&rsquo;implantation d&rsquo;\u00e9oliennes, initi\u00e9 les premiers contacts avec les \u00e9lus locaux et les propri\u00e9taires et exploitants et estim\u00e9 la faisabilit\u00e9 d&rsquo;un projet, des \u00e9tudes sont lanc\u00e9es pour une dur\u00e9e d&rsquo;au moins un an. Celles-ci sont r\u00e9alis\u00e9es par des&nbsp;bureaux d\u2019\u00e9tudes ou [&hellip;]<\/p>\n","protected":false},"author":1,"featured_media":554,"parent":15,"menu_order":0,"comment_status":"closed","ping_status":"closed","template":"","meta":{"_acf_changed":false,"inline_featured_image":false,"footnotes":""},"class_list":["post-153","page","type-page","status-publish","has-post-thumbnail","hentry"],"acf":[],"_links":{"self":[{"href":"https:\/\/blogvaleco.com\/la-ferriere-en-parthenay\/wp-json\/wp\/v2\/pages\/153","targetHints":{"allow":["GET"]}}],"collection":[{"href":"https:\/\/blogvaleco.com\/la-ferriere-en-parthenay\/wp-json\/wp\/v2\/pages"}],"about":[{"href":"https:\/\/blogvaleco.com\/la-ferriere-en-parthenay\/wp-json\/wp\/v2\/types\/page"}],"author":[{"embeddable":true,"href":"https:\/\/blogvaleco.com\/la-ferriere-en-parthenay\/wp-json\/wp\/v2\/users\/1"}],"replies":[{"embeddable":true,"href":"https:\/\/blogvaleco.com\/la-ferriere-en-parthenay\/wp-json\/wp\/v2\/comments?post=153"}],"version-history":[{"count":18,"href":"https:\/\/blogvaleco.com\/la-ferriere-en-parthenay\/wp-json\/wp\/v2\/pages\/153\/revisions"}],"predecessor-version":[{"id":980,"href":"https:\/\/blogvaleco.com\/la-ferriere-en-parthenay\/wp-json\/wp\/v2\/pages\/153\/revisions\/980"}],"up":[{"embeddable":true,"href":"https:\/\/blogvaleco.com\/la-ferriere-en-parthenay\/wp-json\/wp\/v2\/pages\/15"}],"wp:featuredmedia":[{"embeddable":true,"href":"https:\/\/blogvaleco.com\/la-ferriere-en-parthenay\/wp-json\/wp\/v2\/media\/554"}],"wp:attachment":[{"href":"https:\/\/blogvaleco.com\/la-ferriere-en-parthenay\/wp-json\/wp\/v2\/media?parent=153"}],"curies":[{"name":"wp","href":"https:\/\/api.w.org\/{rel}","templated":true}]}}

Les étapes

<div style="height:20px" aria-hidden="true" class="wp-block-spacer"></div>



<p class="has-text-align-left">Un projet éolien est un projet au long cours.</p>



<p class="has-text-align-left">Après avoir repéré un <strong>site propice </strong>à l&rsquo;implantation d&rsquo;éoliennes, initié les <strong>premiers contacts</strong> avec les élus locaux et les propriétaires et exploitants et estimé la faisabilité d&rsquo;un projet, des <strong>études </strong>sont lancées pour une durée d&rsquo;au moins un an. Celles-ci sont réalisées par des&nbsp;bureaux d’études ou organismes indépendants sur plusieurs volets : le milieu naturel, le milieu humain, le milieu physique, le paysage, le patrimoine et l’acoustique. <strong>Ces études sont réglementaires et permettent de concevoir un projet de moindre impact sur l’environnement.</strong></p>



<p>Les conclusions des inventaires et des études initiales identifient les sensibilités du projet : l’obtention de ces résultats permet de définir les contours techniques et les plans du projet. Les experts s&rsquo;attachent ensuite à évaluer les impacts du projet retenu afin de les <strong>Éviter, les Réduire ou les Compenser,</strong> selon la logique ERC définie au sein du Code de l’Environnement. Un dossier est alors monté en quelques mois et permet de déposer la <strong>demande d&rsquo;Autorisation Environnementale </strong>en préfecture.</p>



<p class="has-text-align-left">S&rsquo;en suit une période d&rsquo;<strong>instruction par les services de l&rsquo;Etat</strong> dont la durée varie selon les départements et les projets. Elle débute par une phase d&rsquo;allers-retours entre les services et le porteur du projet aboutissant ou non à la recevabilité du projet. Si le projet est jugé recevable, il fait alors l&rsquo;objet d&rsquo;une <strong>enquête publique</strong>, d&rsquo;un passage en <strong>CDNPS</strong> (Commission Départementale de la Nature, des Paysages et des Sites) puis d&rsquo;une <strong>autorisation ou d&rsquo;un refus du Préfet</strong>.</p>



<h2 class="wp-block-heading"><mark style="background-color:#ffffff" class="has-inline-color has-secondary-color">Historique du projet</mark></h2>



    <div  class="bf-timeline-vertical">
        <div class="process-line beflex-animation" data-animation="beflexProcessLine"></div>
        <div class="process-line-active beflex-animation" data-animation="beflexProcessLine"></div>

        <div class="process-box-container">
                            <div class="process-box beflex-animation" data-animation="beflexProcess">
                    <div class="process-box-container">
                        
                        <div class="container-title">Mars 2025</div>
                                                    <div class="container-content"><p>Lancement des études environnementales</p>
</div>
                        
                                            </div>

                    <div class="process-box-order box-1">
                        <div class="box-number">01</div>
                        <div class="box-dot"></div><div class="box-dot-line"></div><div class="box-line"></div>
                    </div>
                </div>
                            <div class="process-box beflex-animation" data-animation="beflexProcessRevert">
                    <div class="process-box-container">
                        
                        <div class="container-title">Mai 2025</div>
                                                    <div class="container-content"><p>Comité de Pilotage n°1</p>
</div>
                        
                                            </div>

                    <div class="process-box-order box-2">
                        <div class="box-number">02</div>
                        <div class="box-dot"></div><div class="box-dot-line"></div><div class="box-line"></div>
                    </div>
                </div>
                            <div class="process-box beflex-animation" data-animation="beflexProcess">
                    <div class="process-box-container">
                        
                        <div class="container-title">Juin 2025</div>
                                                    <div class="container-content"><p>Permanence d&rsquo;information n°1</p>
</div>
                        
                                            </div>

                    <div class="process-box-order box-3">
                        <div class="box-number">03</div>
                        <div class="box-dot"></div><div class="box-dot-line"></div><div class="box-line"></div>
                    </div>
                </div>
                            <div class="process-box beflex-animation" data-animation="beflexProcessRevert">
                    <div class="process-box-container">
                        
                        <div class="container-title">Juillet 2025</div>
                                                    <div class="container-content"><p>Lancement de l&rsquo;étude d&rsquo;impact environnementale et de l&rsquo;étude paysagère</p>
</div>
                        
                                            </div>

                    <div class="process-box-order box-4">
                        <div class="box-number">04</div>
                        <div class="box-dot"></div><div class="box-dot-line"></div><div class="box-line"></div>
                    </div>
                </div>
                            <div class="process-box beflex-animation" data-animation="beflexProcess">
                    <div class="process-box-container">
                        
                        <div class="container-title">Octobre 2025</div>
                                                    <div class="container-content"><p>Comité de pilotage n°2</p>
</div>
                        
                                            </div>

                    <div class="process-box-order box-5">
                        <div class="box-number">05</div>
                        <div class="box-dot"></div><div class="box-dot-line"></div><div class="box-line"></div>
                    </div>
                </div>
                    </div>
    </div>

<p>Un projet éolien est un projet au long cours. Après avoir repéré un site propice à l&rsquo;implantation d&rsquo;éoliennes, initié les premiers contacts avec les élus locaux et les propriétaires et exploitants et estimé la faisabilité d&rsquo;un projet, des études sont lancées pour une durée d&rsquo;au moins un an. Celles-ci sont réalisées par des&nbsp;bureaux d’études ou [&hellip;]</p>
